{"id":723,"date":"2021-12-17T15:33:12","date_gmt":"2021-12-17T15:33:12","guid":{"rendered":"https:\/\/fokken-team.de\/?page_id=723"},"modified":"2022-09-20T03:23:37","modified_gmt":"2022-09-20T03:23:37","slug":"hdi-berater","status":"publish","type":"page","link":"https:\/\/fokken-team.de\/?page_id=723","title":{"rendered":"HDI Berater"},"content":{"rendered":"\t\t<div data-elementor-type=\"wp-post\" data-elementor-id=\"723\" class=\"elementor elementor-723\">\n\t\t\t\t\t\t<section class=\"elementor-section elementor-top-section elementor-element elementor-element-25270b62 elementor-section-full_width elementor-section-height-min-height elementor-section-stretched elementor-section-height-default elementor-section-items-middle\" data-id=\"25270b62\" data-element_type=\"section\" data-settings=\"{&quot;stretch_section&quot;:&quot;section-stretched&quot;,&quot;background_background&quot;:&quot;classic&quot;}\">\n\t\t\t\t\t\t\t<div class=\"elementor-background-overlay\"><\/div>\n\t\t\t\t\t\t\t<div class=\"elementor-container elementor-column-gap-default\">\n\t\t\t\t\t<div class=\"elementor-column elementor-col-100 elementor-top-column elementor-element elementor-element-66cae73b\" data-id=\"66cae73b\" data-element_type=\"column\">\n\t\t\t<div class=\"elementor-widget-wrap elementor-element-populated\">\n\t\t\t\t\t\t<div class=\"elementor-element elementor-element-49c6106f elementor-widget elementor-widget-heading\" data-id=\"49c6106f\" data-element_type=\"widget\" data-widget_type=\"heading.default\">\n\t\t\t\t<div class=\"elementor-widget-container\">\n\t\t\t\t\t<h2 class=\"elementor-heading-title elementor-size-default\">HDI Berater<\/h2>\t\t\t\t<\/div>\n\t\t\t\t<\/div>\n\t\t\t\t\t<\/div>\n\t\t<\/div>\n\t\t\t\t\t<\/div>\n\t\t<\/section>\n\t\t\t\t<section class=\"elementor-section elementor-top-section elementor-element elementor-element-329b3080 elementor-section-boxed elementor-section-height-default elementor-section-height-default\" data-id=\"329b3080\" data-element_type=\"section\" data-settings=\"{&quot;background_background&quot;:&quot;classic&quot;}\">\n\t\t\t\t\t\t<div class=\"elementor-container elementor-column-gap-wider\">\n\t\t\t\t\t<div class=\"elementor-column elementor-col-50 elementor-top-column elementor-element elementor-element-6aad1417\" data-id=\"6aad1417\" data-element_type=\"column\">\n\t\t\t<div class=\"elementor-widget-wrap elementor-element-populated\">\n\t\t\t\t\t\t<div class=\"elementor-element elementor-element-7a8072d5 elementor-vertical-align-top elementor-widget elementor-widget-image-box\" data-id=\"7a8072d5\" data-element_type=\"widget\" data-widget_type=\"image-box.default\">\n\t\t\t\t<div class=\"elementor-widget-container\">\n\t\t\t\t\t<div class=\"elementor-image-box-wrapper\"><div class=\"elementor-image-box-content\"><h3 class=\"elementor-image-box-title\">Berater Fr\u00fchjahr 2022<\/h3><\/div><\/div>\t\t\t\t<\/div>\n\t\t\t\t<\/div>\n\t\t\t\t<div class=\"elementor-element elementor-element-24f3e01 elementor-widget elementor-widget-text-editor\" data-id=\"24f3e01\" data-element_type=\"widget\" data-widget_type=\"text-editor.default\">\n\t\t\t\t<div class=\"elementor-widget-container\">\n\t\t\t\t\t\t\t\t\t<p><strong>Risiken virtuell besichtigen<\/strong><b><br \/><\/b>Mit \u201eHDI Remote\u201c er\u00f6ffnet HDI Risk Consulting einen digitalen Weg bei der globalen Besichtigung industrieller Risiken. Reaktionszeiten werden so verk\u00fcrzt, losgel\u00f6st von Gefahrenlagen vor Ort.<\/p><p><strong>Trend zu Gro\u00df- und Gr\u00f6\u00dftsch\u00e4den<\/strong><b><br \/><\/b>Interview mit Dr. Edgar Puls.<\/p><p><strong>Nachhaltige Kfz-Leistungen<\/strong><br \/>Mit \u201egr\u00fcner\u201c Flotte zur CO2-neutralen Kfz-Versicherung.<\/p><p><strong>Hochwasser: Einsatz im Katastrophengebiet<\/strong><br \/>Mit professionellen Schadenteams schnelle Hilfe vor Ort.<\/p>\t\t\t\t\t\t\t\t<\/div>\n\t\t\t\t<\/div>\n\t\t\t\t<section class=\"elementor-section elementor-inner-section elementor-element elementor-element-7ccd581a elementor-section-boxed elementor-section-height-default elementor-section-height-default\" data-id=\"7ccd581a\" data-element_type=\"section\">\n\t\t\t\t\t\t<div class=\"elementor-container elementor-column-gap-default\">\n\t\t\t\t\t<div class=\"elementor-column elementor-col-50 elementor-inner-column elementor-element elementor-element-778b9deb\" data-id=\"778b9deb\" data-element_type=\"column\">\n\t\t\t<div class=\"elementor-widget-wrap elementor-element-populated\">\n\t\t\t\t\t\t<div class=\"elementor-element elementor-element-11a06dbf elementor-align-left elementor-widget elementor-widget-button\" data-id=\"11a06dbf\" data-element_type=\"widget\" data-widget_type=\"button.default\">\n\t\t\t\t<div class=\"elementor-widget-container\">\n\t\t\t\t\t\t\t\t\t<div class=\"elementor-button-wrapper\">\n\t\t\t\t\t<a class=\"elementor-button elementor-button-link elementor-size-sm elementor-animation-pulse-grow\" href=\"https:\/\/www.hdi.global\/globalassets\/redaktion\/berater-interaktiv\/maerz2022\/hdi-berater-ausgabe-012022\/index.html\" target=\"_blank\">\n\t\t\t\t\t\t<span class=\"elementor-button-content-wrapper\">\n\t\t\t\t\t\t\t\t\t<span class=\"elementor-button-text\">ePaper<\/span>\n\t\t\t\t\t<\/span>\n\t\t\t\t\t<\/a>\n\t\t\t\t<\/div>\n\t\t\t\t\t\t\t\t<\/div>\n\t\t\t\t<\/div>\n\t\t\t\t\t<\/div>\n\t\t<\/div>\n\t\t\t\t<div class=\"elementor-column elementor-col-50 elementor-inner-column elementor-element elementor-element-4d2319d7\" data-id=\"4d2319d7\" data-element_type=\"column\">\n\t\t\t<div class=\"elementor-widget-wrap\">\n\t\t\t\t\t\t\t<\/div>\n\t\t<\/div>\n\t\t\t\t\t<\/div>\n\t\t<\/section>\n\t\t\t\t\t<\/div>\n\t\t<\/div>\n\t\t\t\t<div class=\"elementor-column elementor-col-50 elementor-top-column elementor-element elementor-element-46e6b17\" data-id=\"46e6b17\" data-element_type=\"column\">\n\t\t\t<div class=\"elementor-widget-wrap elementor-element-populated\">\n\t\t\t\t\t\t<div class=\"elementor-element elementor-element-94d6f38 elementor-vertical-align-top elementor-widget elementor-widget-image-box\" data-id=\"94d6f38\" data-element_type=\"widget\" data-widget_type=\"image-box.default\">\n\t\t\t\t<div class=\"elementor-widget-container\">\n\t\t\t\t\t<div class=\"elementor-image-box-wrapper\"><div class=\"elementor-image-box-content\"><h3 class=\"elementor-image-box-title\">Berater Herbst 2021<\/h3><\/div><\/div>\t\t\t\t<\/div>\n\t\t\t\t<\/div>\n\t\t\t\t<div class=\"elementor-element elementor-element-d1a9ec6 elementor-widget elementor-widget-text-editor\" data-id=\"d1a9ec6\" data-element_type=\"widget\" data-widget_type=\"text-editor.default\">\n\t\t\t\t<div class=\"elementor-widget-container\">\n\t\t\t\t\t\t\t\t\t<p><strong>Beispielhafte Brandschadensanierung<\/strong><b><br \/><\/b>Wie wichtig Vertrauen, Verl\u00e4sslichkeit und ein gutes Team sind, zeigte sich bei dem Gro\u00dfbrand einer Pr\u00fcfhalle der RWT\u00dcV Gruppe.<\/p><p><strong>Neuer HDI-Service<\/strong><br \/>Wie Sie durch eine korrekte Wertermittlung Risiken einer Unterversicherung vermeiden k\u00f6nnen.<\/p><p><strong>Kraftfahrt<\/strong><br \/>Umfangreicher Schutz f\u00fcr virtuelle Schl\u00fcssel, E-Autos und bei Vandalismus.<\/p><p><strong>Gruppen-Unfallversicherung<\/strong><br \/>Die Risiken auf Dienstreisen und im Arbeitsalltag sind durch die Pandemie gestiegen. HDI reagiert mit angepassten Schutzpaketen.<\/p>\t\t\t\t\t\t\t\t<\/div>\n\t\t\t\t<\/div>\n\t\t\t\t<section class=\"elementor-section elementor-inner-section elementor-element elementor-element-c61e2bd elementor-section-boxed elementor-section-height-default elementor-section-height-default\" data-id=\"c61e2bd\" data-element_type=\"section\">\n\t\t\t\t\t\t<div class=\"elementor-container elementor-column-gap-default\">\n\t\t\t\t\t<div class=\"elementor-column elementor-col-50 elementor-inner-column elementor-element elementor-element-c1c81de\" data-id=\"c1c81de\" data-element_type=\"column\">\n\t\t\t<div class=\"elementor-widget-wrap elementor-element-populated\">\n\t\t\t\t\t\t<div class=\"elementor-element elementor-element-dbb2238 elementor-align-left elementor-widget elementor-widget-button\" data-id=\"dbb2238\" data-element_type=\"widget\" data-widget_type=\"button.default\">\n\t\t\t\t<div class=\"elementor-widget-container\">\n\t\t\t\t\t\t\t\t\t<div class=\"elementor-button-wrapper\">\n\t\t\t\t\t<a class=\"elementor-button elementor-button-link elementor-size-sm elementor-animation-pulse-grow\" href=\"https:\/\/www.hdi.global\/globalassets\/redaktion\/berater-interaktiv\/herbst2021\/hdi-berater-ausgabe-022021\/index.html\" target=\"_blank\">\n\t\t\t\t\t\t<span class=\"elementor-button-content-wrapper\">\n\t\t\t\t\t\t\t\t\t<span class=\"elementor-button-text\">ePaper<\/span>\n\t\t\t\t\t<\/span>\n\t\t\t\t\t<\/a>\n\t\t\t\t<\/div>\n\t\t\t\t\t\t\t\t<\/div>\n\t\t\t\t<\/div>\n\t\t\t\t\t<\/div>\n\t\t<\/div>\n\t\t\t\t<div class=\"elementor-column elementor-col-50 elementor-inner-column elementor-element elementor-element-0b45a94\" data-id=\"0b45a94\" data-element_type=\"column\">\n\t\t\t<div class=\"elementor-widget-wrap\">\n\t\t\t\t\t\t\t<\/div>\n\t\t<\/div>\n\t\t\t\t\t<\/div>\n\t\t<\/section>\n\t\t\t\t\t<\/div>\n\t\t<\/div>\n\t\t\t\t\t<\/div>\n\t\t<\/section>\n\t\t\t\t<section class=\"elementor-section elementor-top-section elementor-element elementor-element-f948e4c elementor-section-boxed elementor-section-height-default elementor-section-height-default\" data-id=\"f948e4c\" data-element_type=\"section\" data-settings=\"{&quot;background_background&quot;:&quot;classic&quot;}\">\n\t\t\t\t\t\t<div class=\"elementor-container elementor-column-gap-wider\">\n\t\t\t\t\t<div class=\"elementor-column elementor-col-50 elementor-top-column elementor-element elementor-element-d345d6f\" data-id=\"d345d6f\" data-element_type=\"column\">\n\t\t\t<div class=\"elementor-widget-wrap elementor-element-populated\">\n\t\t\t\t\t\t<div class=\"elementor-element elementor-element-753871d elementor-vertical-align-top elementor-widget elementor-widget-image-box\" data-id=\"753871d\" data-element_type=\"widget\" data-widget_type=\"image-box.default\">\n\t\t\t\t<div class=\"elementor-widget-container\">\n\t\t\t\t\t<div class=\"elementor-image-box-wrapper\"><div class=\"elementor-image-box-content\"><h3 class=\"elementor-image-box-title\">Berater Fr\u00fchjahr 2021<\/h3><\/div><\/div>\t\t\t\t<\/div>\n\t\t\t\t<\/div>\n\t\t\t\t<div class=\"elementor-element elementor-element-04c0740 elementor-widget elementor-widget-text-editor\" data-id=\"04c0740\" data-element_type=\"widget\" data-widget_type=\"text-editor.default\">\n\t\t\t\t<div class=\"elementor-widget-container\">\n\t\t\t\t\t\t\t\t\t<p><strong>Sicher unter dem Flussbett<\/strong><br \/>Die rund 4.000 Meter lange Pipeline zum Transport von Gas\u00f6l verl\u00e4uft teils unterhalb des Rheins. Eine innovative L\u00f6sung der J.H.K.-Gruppe pr\u00fcft die Pipeline sicher auf Leckagen.<\/p><p><strong>Covid-19<\/strong><br \/>Container-Engp\u00e4sse als Folge der Pandemie &amp; warum ein Krisenstab so wichtig ist<\/p><p><strong>Versicherungsteuerrecht<\/strong><br \/>International t\u00e4tigen Unternehmen drohen erhebliche steuerliche Mehrbelastungen<\/p><p><strong>Sammelklagen<\/strong><br \/>Die weltweit zunehmende M\u00f6glichkeit von Sammelklagen erh\u00f6ht das Risiko von Schadensersatzanspr\u00fcchen<\/p>\t\t\t\t\t\t\t\t<\/div>\n\t\t\t\t<\/div>\n\t\t\t\t<section class=\"elementor-section elementor-inner-section elementor-element elementor-element-a1d4f5a elementor-section-boxed elementor-section-height-default elementor-section-height-default\" data-id=\"a1d4f5a\" data-element_type=\"section\">\n\t\t\t\t\t\t<div class=\"elementor-container elementor-column-gap-default\">\n\t\t\t\t\t<div class=\"elementor-column elementor-col-50 elementor-inner-column elementor-element elementor-element-a228422\" data-id=\"a228422\" data-element_type=\"column\">\n\t\t\t<div class=\"elementor-widget-wrap elementor-element-populated\">\n\t\t\t\t\t\t<div class=\"elementor-element elementor-element-b0e2e8b elementor-align-left elementor-widget elementor-widget-button\" data-id=\"b0e2e8b\" data-element_type=\"widget\" data-widget_type=\"button.default\">\n\t\t\t\t<div class=\"elementor-widget-container\">\n\t\t\t\t\t\t\t\t\t<div class=\"elementor-button-wrapper\">\n\t\t\t\t\t<a class=\"elementor-button elementor-button-link elementor-size-sm elementor-animation-pulse-grow\" href=\"https:\/\/www.hdi.global\/globalassets\/redaktion\/berater-interaktiv\/fruehjahr2021\/index.html\" target=\"_blank\">\n\t\t\t\t\t\t<span class=\"elementor-button-content-wrapper\">\n\t\t\t\t\t\t\t\t\t<span class=\"elementor-button-text\">ePaper<\/span>\n\t\t\t\t\t<\/span>\n\t\t\t\t\t<\/a>\n\t\t\t\t<\/div>\n\t\t\t\t\t\t\t\t<\/div>\n\t\t\t\t<\/div>\n\t\t\t\t\t<\/div>\n\t\t<\/div>\n\t\t\t\t<div class=\"elementor-column elementor-col-50 elementor-inner-column elementor-element elementor-element-f78530d\" data-id=\"f78530d\" data-element_type=\"column\">\n\t\t\t<div class=\"elementor-widget-wrap\">\n\t\t\t\t\t\t\t<\/div>\n\t\t<\/div>\n\t\t\t\t\t<\/div>\n\t\t<\/section>\n\t\t\t\t\t<\/div>\n\t\t<\/div>\n\t\t\t\t<div class=\"elementor-column elementor-col-50 elementor-top-column elementor-element elementor-element-ab70d99\" data-id=\"ab70d99\" data-element_type=\"column\">\n\t\t\t<div class=\"elementor-widget-wrap\">\n\t\t\t\t\t\t\t<\/div>\n\t\t<\/div>\n\t\t\t\t\t<\/div>\n\t\t<\/section>\n\t\t\t\t<\/div>\n\t\t","protected":false},"excerpt":{"rendered":"<p>HDI Berater Berater Fr\u00fchjahr 2022 Risiken virtuell besichtigenMit \u201eHDI Remote\u201c er\u00f6ffnet HDI Risk Consulting einen digitalen Weg bei der globalen Besichtigung industrieller Risiken. Reaktionszeiten werden so verk\u00fcrzt, losgel\u00f6st von Gefahrenlagen vor Ort. Trend zu Gro\u00df- und Gr\u00f6\u00dftsch\u00e4denInterview mit Dr. Edgar Puls. Nachhaltige Kfz-LeistungenMit \u201egr\u00fcner\u201c Flotte zur CO2-neutralen Kfz-Versicherung. Hochwasser: Einsatz im KatastrophengebietMit professionellen Schadenteams schnelle [&#8230;]\n","protected":false},"author":1,"featured_media":0,"parent":98,"menu_order":0,"comment_status":"closed","ping_status":"closed","template":"","meta":{"footnotes":""},"class_list":["post-723","page","type-page","status-publish","hentry"],"yoast_head":"<!-- This site is optimized with the Yoast SEO plugin v24.8.1 - https:\/\/yoast.com\/wordpress\/plugins\/seo\/ -->\n<title>HDI Berater - Fokken &amp; Team<\/title>\n<meta name=\"robots\" content=\"index, follow, max-snippet:-1, max-image-preview:large, max-video-preview:-1\" \/>\n<link rel=\"canonical\" href=\"https:\/\/fokken-team.de\/?page_id=723\" \/>\n<meta property=\"og:locale\" content=\"de_DE\" \/>\n<meta property=\"og:type\" content=\"article\" \/>\n<meta property=\"og:title\" content=\"HDI Berater - Fokken &amp; Team\" \/>\n<meta property=\"og:description\" content=\"HDI Berater Berater Fr\u00fchjahr 2022 Risiken virtuell besichtigenMit \u201eHDI Remote\u201c er\u00f6ffnet HDI Risk Consulting einen digitalen Weg bei der globalen Besichtigung industrieller Risiken. Reaktionszeiten werden so verk\u00fcrzt, losgel\u00f6st von Gefahrenlagen vor Ort. Trend zu Gro\u00df- und Gr\u00f6\u00dftsch\u00e4denInterview mit Dr. Edgar Puls. Nachhaltige Kfz-LeistungenMit \u201egr\u00fcner\u201c Flotte zur CO2-neutralen Kfz-Versicherung. Hochwasser: Einsatz im KatastrophengebietMit professionellen Schadenteams schnelle [...]\" \/>\n<meta property=\"og:url\" content=\"https:\/\/fokken-team.de\/?page_id=723\" \/>\n<meta property=\"og:site_name\" content=\"Fokken &amp; Team\" \/>\n<meta property=\"article:modified_time\" content=\"2022-09-20T03:23:37+00:00\" \/>\n<meta name=\"twitter:card\" content=\"summary_large_image\" \/>\n<meta name=\"twitter:label1\" content=\"Gesch\u00e4tzte Lesezeit\" \/>\n\t<meta name=\"twitter:data1\" content=\"1\u00a0Minute\" \/>\n<script type=\"application\/ld+json\" class=\"yoast-schema-graph\">{\"@context\":\"https:\/\/schema.org\",\"@graph\":[{\"@type\":\"WebPage\",\"@id\":\"https:\/\/fokken-team.de\/?page_id=723\",\"url\":\"https:\/\/fokken-team.de\/?page_id=723\",\"name\":\"HDI Berater - Fokken &amp; Team\",\"isPartOf\":{\"@id\":\"https:\/\/fokken-team.de\/#website\"},\"datePublished\":\"2021-12-17T15:33:12+00:00\",\"dateModified\":\"2022-09-20T03:23:37+00:00\",\"breadcrumb\":{\"@id\":\"https:\/\/fokken-team.de\/?page_id=723#breadcrumb\"},\"inLanguage\":\"de\",\"potentialAction\":[{\"@type\":\"ReadAction\",\"target\":[\"https:\/\/fokken-team.de\/?page_id=723\"]}]},{\"@type\":\"BreadcrumbList\",\"@id\":\"https:\/\/fokken-team.de\/?page_id=723#breadcrumb\",\"itemListElement\":[{\"@type\":\"ListItem\",\"position\":1,\"name\":\"Startseite\",\"item\":\"https:\/\/fokken-team.de\/\"},{\"@type\":\"ListItem\",\"position\":2,\"name\":\"Service\",\"item\":\"https:\/\/fokken-team.de\/?page_id=98\"},{\"@type\":\"ListItem\",\"position\":3,\"name\":\"HDI Berater\"}]},{\"@type\":\"WebSite\",\"@id\":\"https:\/\/fokken-team.de\/#website\",\"url\":\"https:\/\/fokken-team.de\/\",\"name\":\"Fokken & Kollegen\",\"description\":\"\",\"publisher\":{\"@id\":\"https:\/\/fokken-team.de\/#organization\"},\"potentialAction\":[{\"@type\":\"SearchAction\",\"target\":{\"@type\":\"EntryPoint\",\"urlTemplate\":\"https:\/\/fokken-team.de\/?s={search_term_string}\"},\"query-input\":{\"@type\":\"PropertyValueSpecification\",\"valueRequired\":true,\"valueName\":\"search_term_string\"}}],\"inLanguage\":\"de\"},{\"@type\":\"Organization\",\"@id\":\"https:\/\/fokken-team.de\/#organization\",\"name\":\"Fokken & Kollegen\",\"url\":\"https:\/\/fokken-team.de\/\",\"logo\":{\"@type\":\"ImageObject\",\"inLanguage\":\"de\",\"@id\":\"https:\/\/fokken-team.de\/#\/schema\/logo\/image\/\",\"url\":\"https:\/\/fokken-team.de\/wp-content\/uploads\/2020\/03\/cropped-cropped-entwuerfe_fokken-kollegen_logo_vorabversion-e1639586232564.png\",\"contentUrl\":\"https:\/\/fokken-team.de\/wp-content\/uploads\/2020\/03\/cropped-cropped-entwuerfe_fokken-kollegen_logo_vorabversion-e1639586232564.png\",\"width\":350,\"height\":192,\"caption\":\"Fokken & Kollegen\"},\"image\":{\"@id\":\"https:\/\/fokken-team.de\/#\/schema\/logo\/image\/\"}}]}<\/script>\n<!-- \/ Yoast SEO plugin. -->","yoast_head_json":{"title":"HDI Berater - Fokken &amp; Team","robots":{"index":"index","follow":"follow","max-snippet":"max-snippet:-1","max-image-preview":"max-image-preview:large","max-video-preview":"max-video-preview:-1"},"canonical":"https:\/\/fokken-team.de\/?page_id=723","og_locale":"de_DE","og_type":"article","og_title":"HDI Berater - Fokken &amp; Team","og_description":"HDI Berater Berater Fr\u00fchjahr 2022 Risiken virtuell besichtigenMit \u201eHDI Remote\u201c er\u00f6ffnet HDI Risk Consulting einen digitalen Weg bei der globalen Besichtigung industrieller Risiken. Reaktionszeiten werden so verk\u00fcrzt, losgel\u00f6st von Gefahrenlagen vor Ort. Trend zu Gro\u00df- und Gr\u00f6\u00dftsch\u00e4denInterview mit Dr. Edgar Puls. Nachhaltige Kfz-LeistungenMit \u201egr\u00fcner\u201c Flotte zur CO2-neutralen Kfz-Versicherung. Hochwasser: Einsatz im KatastrophengebietMit professionellen Schadenteams schnelle [...]","og_url":"https:\/\/fokken-team.de\/?page_id=723","og_site_name":"Fokken &amp; Team","article_modified_time":"2022-09-20T03:23:37+00:00","twitter_card":"summary_large_image","twitter_misc":{"Gesch\u00e4tzte Lesezeit":"1\u00a0Minute"},"schema":{"@context":"https:\/\/schema.org","@graph":[{"@type":"WebPage","@id":"https:\/\/fokken-team.de\/?page_id=723","url":"https:\/\/fokken-team.de\/?page_id=723","name":"HDI Berater - Fokken &amp; Team","isPartOf":{"@id":"https:\/\/fokken-team.de\/#website"},"datePublished":"2021-12-17T15:33:12+00:00","dateModified":"2022-09-20T03:23:37+00:00","breadcrumb":{"@id":"https:\/\/fokken-team.de\/?page_id=723#breadcrumb"},"inLanguage":"de","potentialAction":[{"@type":"ReadAction","target":["https:\/\/fokken-team.de\/?page_id=723"]}]},{"@type":"BreadcrumbList","@id":"https:\/\/fokken-team.de\/?page_id=723#breadcrumb","itemListElement":[{"@type":"ListItem","position":1,"name":"Startseite","item":"https:\/\/fokken-team.de\/"},{"@type":"ListItem","position":2,"name":"Service","item":"https:\/\/fokken-team.de\/?page_id=98"},{"@type":"ListItem","position":3,"name":"HDI Berater"}]},{"@type":"WebSite","@id":"https:\/\/fokken-team.de\/#website","url":"https:\/\/fokken-team.de\/","name":"Fokken & Kollegen","description":"","publisher":{"@id":"https:\/\/fokken-team.de\/#organization"},"potentialAction":[{"@type":"SearchAction","target":{"@type":"EntryPoint","urlTemplate":"https:\/\/fokken-team.de\/?s={search_term_string}"},"query-input":{"@type":"PropertyValueSpecification","valueRequired":true,"valueName":"search_term_string"}}],"inLanguage":"de"},{"@type":"Organization","@id":"https:\/\/fokken-team.de\/#organization","name":"Fokken & Kollegen","url":"https:\/\/fokken-team.de\/","logo":{"@type":"ImageObject","inLanguage":"de","@id":"https:\/\/fokken-team.de\/#\/schema\/logo\/image\/","url":"https:\/\/fokken-team.de\/wp-content\/uploads\/2020\/03\/cropped-cropped-entwuerfe_fokken-kollegen_logo_vorabversion-e1639586232564.png","contentUrl":"https:\/\/fokken-team.de\/wp-content\/uploads\/2020\/03\/cropped-cropped-entwuerfe_fokken-kollegen_logo_vorabversion-e1639586232564.png","width":350,"height":192,"caption":"Fokken & Kollegen"},"image":{"@id":"https:\/\/fokken-team.de\/#\/schema\/logo\/image\/"}}]}},"_links":{"self":[{"href":"https:\/\/fokken-team.de\/index.php?rest_route=\/wp\/v2\/pages\/723","targetHints":{"allow":["GET"]}}],"collection":[{"href":"https:\/\/fokken-team.de\/index.php?rest_route=\/wp\/v2\/pages"}],"about":[{"href":"https:\/\/fokken-team.de\/index.php?rest_route=\/wp\/v2\/types\/page"}],"author":[{"embeddable":true,"href":"https:\/\/fokken-team.de\/index.php?rest_route=\/wp\/v2\/users\/1"}],"replies":[{"embeddable":true,"href":"https:\/\/fokken-team.de\/index.php?rest_route=%2Fwp%2Fv2%2Fcomments&post=723"}],"version-history":[{"count":16,"href":"https:\/\/fokken-team.de\/index.php?rest_route=\/wp\/v2\/pages\/723\/revisions"}],"predecessor-version":[{"id":2208,"href":"https:\/\/fokken-team.de\/index.php?rest_route=\/wp\/v2\/pages\/723\/revisions\/2208"}],"up":[{"embeddable":true,"href":"https:\/\/fokken-team.de\/index.php?rest_route=\/wp\/v2\/pages\/98"}],"wp:attachment":[{"href":"https:\/\/fokken-team.de\/index.php?rest_route=%2Fwp%2Fv2%2Fmedia&parent=723"}],"curies":[{"name":"wp","href":"https:\/\/api.w.org\/{rel}","templated":true}]}}